t of 50218?
8
What is the units digit of 9963?
3
What is the units digit of 67616?
6
What is the tens digit of 14478?
7
What is the thousands digit of 6221?
6
What is the hundreds digit of 10100?
1
What is the units digit of 2092?
2
What is the ten thousands digit of 25332?
2
What is the thousands digit of 1088?
1
What is the ten thousands digit of 31728?
3
What is the units digit of 4682?
2
What is the units digit of 1800?
0
What is the tens digit of 763?
6
What is the hundreds digit of 7634?
6
What is the units digit of 25017?
7
What is the hundreds digit of 106?
1
What is the units digit of 1272?
2
What is the units digit of 6352?
2
What is the hundreds digit of 1478?
4
What is the units digit of 6817?
7
What is the hundreds digit of 22111?
1
What is the hundreds digit of 57302?
3
What is the tens digit of 7626?
2
What is the units digit of 5640?
0
What is the hundreds digit of 468?
4
What is the ten thousands digit of 10507?
1
What is the hundreds digit of 4405?
4
What is the hundreds digit of 10544?
5
What is the hundreds digit of 1831?
8
What is the units digit of 50875?
5
What is the tens digit of 1500?
0
What is the hundreds digit of 92193?
1
What is the units digit of 217?
7
What is the tens digit of 72048?
4
What is the units digit of 2981?
1
What is the hundreds digit of 2546?
5
What is the tens digit of 14780?
8
What is the units digit of 32826?
6
What is the hundreds digit of 7181?
1
What is the hundreds digit of 3076?
0
What is the tens digit of 760?
6
What is the hundreds digit of 51787?
7
What is the ten thousands digit of 139645?
3
What is the units digit of 170?
0
What is the units digit of 3264?
4
What is the units digit of 86469?
9
What is the hundreds digit of 32590?
5
What is the units digit of 23053?
3
What is the ten thousands digit of 18400?
1
What is the tens digit of 2925?
2
What is the thousands digit of 8351?
8
What is the hundreds digit of 865?
8
What is the hundreds digit of 6365?
3
What is the thousands digit of 39984?
9
What is the units digit of 31219?
9
What is the units digit of 44136?
6
What is the units digit of 79?
9
What is the units digit of 841?
1
What is the thousands digit of 9186?
9
What is the tens digit of 6932?
3
What is the units digit of 11345?
5
What is the tens digit of 957?
5
What is the hundreds digit of 37813?
8
What is the hundreds digit of 1463?
4
What is the units digit of 113875?
5
What is the hundreds digit of 13579?
5
What is the hundreds digit of 6253?
2
What is the hundreds digit of 1702?
7
What is the units digit of 3394?
4
What is the units digit of 595?
5
What is the hundred thousands digit of 120012?
1
What is the hundreds digit of 54162?
1
What is the hundreds digit of 1489?
4
What is the thousands digit of 1698?
1
What is the thousands digit of 74683?
4
What is the units digit of 156307?
7
What is the tens digit of 59990?
9
What is the hundreds digit of 21449?
4
What is the units digit of 36624?
4
What is the tens digit of 6128?
2
What is the units digit of 445?
5
What is the thousands digit of 4323?
4
What is the hundreds digit of 17837?
8
What is the thousands digit of 25604?
5
What is the units digit of 4143?
3
What is the tens digit of 605?
0
What is the tens digit of 661?
6
What is the ten thousands digit of 22677?
2
What is the ten thousands digit of 83959?
8
What is the thousands digit of 1806?
1
What is the units digit of 30?
0
What is the ten thousands digit of 82514?
8
What is the tens digit of 737?
3
What is the tens digit of 105945?
4
What is the units digit of 22316?
6
What is the thousands digit of 2374?
2
What is the thousands digit of 170786?
0
What is the tens digit of 80182?
8
What is the units digit of 91?
1
What is the thousands digit of 2429?
2
What is the units digit of 11028?
8
What is the hundreds digit of 2758?
7
What is the thousands digit of 59846?
9
What is the units digit of 58376?
6
What is the hundreds digit of 746?
7
What is the hundreds digit of 25855?
8
What is the thousands digit of 3128?
3
What is the hundreds digit of 1821?
8
What is the tens digit of 19913?
1
What is the thousands digit of 1082?
1
What is the units digit of 1591?
1
What is the thousands digit of 8795?
8
What is the thousands digit of 81727?
1
What is the ten thousands digit of 26337?
2
What is the tens digit of 756?
5
What is the ten thousands digit of 10226?
1
What is the hundred thousands digit of 115256?
1
What is the thousands digit of 8148?
8
What is the units digit of 422?
2
What is the hundreds digit of 788?
7
What is the tens digit of 38278?
7
What is the tens digit of 112523?
2
What is the units digit of 1288?
8
What is the tens digit of 41749?
4
What is the thousands digit of 8439?
8
What is the units digit of 27582?
2
What is the tens digit of 6584?
8
What is the tens digit of 1819?
1
What is the units digit of 103618?
8
What is the hundreds digit of 2459?
4
What is the tens digit of 2235?
3
What is the thousands digit of 1095?
1
What is the units digit of 12104?
4
What is the hundreds digit of 11280?
2
What is the hundreds digit of 77477?
4
What is the tens digit of 60188?
8
What is the tens digit of 73325?
2
What is the thousands digit of 101612?
1
What is the thousands digit of 9097?
9
What is the hundreds digit of 9966?
9
What is the tens digit of 22254?
5
What is the thousands digit of 2405?
2
What is the hundreds digit of 281?
2
What is the thousands digit of 3052?
3
What is the ten thousands digit of 83543?
8
What is the tens digit of 4152?
5
What is the tens digit of 3271?
7
What is the units digit of 5653?
3
What is the tens digit of 93?
9
What is the hundred thousands digit of 125914?
1
What is the tens digit of 1738?
3
What is the tens digit of 44613?
1
What is the units digit of 88744?
4
What is the ten thousands digit of 101650?
0
What is the hundreds digit of 10830?
8
What is the thousands digit of 3256?
3
What is the units digit of 19701?
1
What is the units digit of 56586?
6
What is the hundreds digit of 3206?
2
What is the tens digit of 3856?
5
What is the units digit of 50984?
4
What is the hundreds digit of 15157?
1
What is the thousands digit of 121319?
1
What is the hundreds digit of 483?
4
What is the thousands digit of 14308?
4
What is the ten thousands digit of 19168?
1
What is the units digit of 58761?
1
What is the tens digit of 12654?
5
What is the tens digit of 78?
7
What is the ten thousands digit of 12240?
1
What is the tens digit of 21665?
6
What is the tens digit of 54626?
2
What is the thousands digit of 1015?
1
What is the hundreds digit of 1689?
6
What is the tens digit of 95183?
8
What is the units digit of 21158?
8
What is the tens digit of 514?
1
What is the hundreds digit of 5302?
3
What is the ten thousands digit of 14387?
1
What is the thousands digit of 25956?
5
What is the thousands digit of 2218?
2
What is the hundreds digit of 75371?
3
What is the units digit of 51?
1
What is the hundreds digit of 44814?
8
What is the units digit of 17566?
6
What is the units digit of 49064?
4
What is the tens digit of 795?
9
What is the hundreds digit of 8620?
6
What is the thousands digit of 6267?
6
What is the hundreds digit of 891?
8
What is the thousands digit of 120747?
0
What is the hundreds digit of 609?
6
What is the ten thousands digit of 51648?
5
What is the hundreds digit of 941?
9
What is the hundreds digit of 7137?
1
What is the thousands digit of 1191?
1
What is the ten thousands digit of 86852?
8
What is the ten thousands digit of 111428?
1
What is the tens digit of 1557?
5
What is the tens digit of 320?
2
What is the tens digit of 2003?
0
What is the ten thousands digit of 12487?
1
What is the hundreds digit of 1388?
3
What is the thousands digit of 15898?
5
What is the thousands digit of 3549?
3
What is the hundreds digit of 32522?
5
What is the units digit of 41799?
9
What is the hundreds digit of 2224?
2
What is the units digit of 1?
1
What is the tens digit of 3723?
2
What is the tens digit of 7281?
8
What is the hundreds digit of 896?
8
What is the units digit of 1391?
1
What is the thousands digit of 2243?
2
What is the tens digit of 13234?
3
What is the hundreds digit of 5366?
3
What is the units digit of 1183?
3
What is the hundreds digit of 514?
5
What is the thousands digit of 12058?
2
What is the unit